{"id":247,"date":"2014-08-18T16:04:38","date_gmt":"2014-08-18T20:04:38","guid":{"rendered":"http:\/\/www.frfce.qc.ca\/?page_id=247"},"modified":"2014-09-12T15:29:15","modified_gmt":"2014-09-12T19:29:15","slug":"restauration-des-feuillus-nobles-et-des-pins-sur-le-mont-brome","status":"publish","type":"page","link":"https:\/\/www.frfce.qc.ca\/?page_id=247","title":{"rendered":"Restauration des feuillus nobles et des pins sur le Mont Brome"},"content":{"rendered":"<p><strong>Mise en contexte<\/strong><br \/>\n<img loading=\"lazy\" decoding=\"async\" class=\"alignright wp-image-343 size-full\" src=\"http:\/\/www.frfce.qc.ca\/wp-content\/uploads\/2014\/08\/mont_brome.jpg\" alt=\"Vue du Mont Brome\" width=\"200\" height=\"200\" srcset=\"https:\/\/www.frfce.qc.ca\/wp-content\/uploads\/2014\/08\/mont_brome.jpg 200w, https:\/\/www.frfce.qc.ca\/wp-content\/uploads\/2014\/08\/mont_brome-150x150.jpg 150w, https:\/\/www.frfce.qc.ca\/wp-content\/uploads\/2014\/08\/mont_brome-50x50.jpg 50w\" sizes=\"auto, (max-width: 200px) 100vw, 200px\" \/><\/p>\n<p>Plusieurs sites montagneux du sud du Qu\u00e9bec, notamment les collines mont\u00e9r\u00e9giennes, ont subi l\u2019impact de l\u2019exploitation foresti\u00e8re, puis plus r\u00e9cemment celui du d\u00e9veloppement r\u00e9cr\u00e9otouristique. C\u2019est le cas du Mont Brome, un territoire priv\u00e9 sur lequel a \u00e9t\u00e9 d\u00e9velopp\u00e9 un des plus grands centres de ski au Qu\u00e9bec, la station Ski Bromont constitu\u00e9e de pr\u00e8s de 100 pistes r\u00e9parties sur 7\u00a0versants. Les coupes foresti\u00e8res du pass\u00e9 font qu\u2019aujourd\u2019hui le Mont Brome est principalement recouvert de jeunes for\u00eats qui renferment relativement peu d\u2019essences de valeur. Parall\u00e8lement, la cr\u00e9ation des pistes de ski et l\u2019enneigement artificiel ont cr\u00e9\u00e9 de nouvelles conditions environnementales et de nouveaux habitats, notamment plusieurs \u00e9cotones forestiers localis\u00e9s en bordure des pistes. Le Mont Brome constitue donc un environnement montagneux d\u00e9grad\u00e9 qui pourrait faire l\u2019objet d\u2019une restauration par la plantation d\u2019arbres de valeur.<\/p>\n<p>&nbsp;<\/p>\n<p>Ce projet de recherche vise \u00e0 \u00e9valuer la possibilit\u00e9 d\u2019\u00e9tablir des plantations d\u2019arbres de valeur en site montagneux dans le sud du Qu\u00e9bec. Il s\u2019inscrit \u00e9galement dans une volont\u00e9 du centre de ski d\u2019entreprendre un important projet de restauration foresti\u00e8re en bordure des pistes de ski.<\/p>\n<p>&nbsp;<\/p>\n<p><strong>Dispositifs exp\u00e9rimentaux<\/strong><br \/>\n<img loading=\"lazy\" decoding=\"async\" class=\"alignleft wp-image-132 size-full\" src=\"http:\/\/www.frfce.qc.ca\/wp-content\/uploads\/2014\/08\/restauration_feuillus_nobles_pins.png\" alt=\"restauration des feuillus nobles et des pins sur le Mont Brome\" width=\"200\" height=\"200\" srcset=\"https:\/\/www.frfce.qc.ca\/wp-content\/uploads\/2014\/08\/restauration_feuillus_nobles_pins.png 200w, https:\/\/www.frfce.qc.ca\/wp-content\/uploads\/2014\/08\/restauration_feuillus_nobles_pins-150x150.png 150w, https:\/\/www.frfce.qc.ca\/wp-content\/uploads\/2014\/08\/restauration_feuillus_nobles_pins-50x50.png 50w\" sizes=\"auto, (max-width: 200px) 100vw, 200px\" \/><\/p>\n<p>En mai 2009, des plantations exp\u00e9rimentales ont \u00e9t\u00e9 r\u00e9alis\u00e9es dans<br \/>\n4 environnements en bordure des pistes de ski, le long d\u2019un gradient d\u2019altitude et d\u2019orientation des pentes. Trois secteurs du terrain de golf situ\u00e9 \u00e0 la base de la montagne (Golf Ch\u00e2teau Bromont) ont \u00e9galement \u00e9t\u00e9 bois\u00e9s, ils servent de balises repr\u00e9sentant des conditions de croissance id\u00e9ales. Dans chaque environnement, 4\u00a0esp\u00e8ces d\u2019arbres ont \u00e9t\u00e9 plant\u00e9es (ch\u00eane rouge, ch\u00eane \u00e0 gros fruits, pin blanc et peuplier hybride) et 2\u00a0traitements de r\u00e9pression de la v\u00e9g\u00e9tation concurrente ont \u00e9t\u00e9 utilis\u00e9s (paillis de plastique noir tiss\u00e9 et aucun traitement). Ce dispositif comprend un total de 120 parcelles exp\u00e9rimentales.<\/p>\n<p>&nbsp;<\/p>\n<p>En raison du broutage intense par le cerf de Virginie sur les ch\u00eanes rouges et les peupliers hybrides, apr\u00e8s 2\u00a0saisons de croissances, la portion du dispositif situ\u00e9e en montagne a \u00e9t\u00e9 cl\u00f4tur\u00e9e au printemps 2011. Puis, en mai 2011, nous avons regarni la totalit\u00e9 des parcelles de peuplier et de ch\u00eane rouge avec 2\u00a0types de plants de ch\u00eane rouge (racines nues et r\u00e9cipients). Cet ajustement m\u00e9thodologique a g\u00e9n\u00e9r\u00e9 2\u00a0dispositifs distincts dans le temps, celui \u00e9tabli initialement en 2009 avec le ch\u00eane \u00e0 gros fruits et le pin blanc et celui \u00e9tabli en 2011, avec les 2\u00a0types de plants de ch\u00eane rouge (plants \u00e0 racines nues et plants en r\u00e9cipient).<\/p>\n<p>&nbsp;<\/p>\n<p>En mai 2013, nous avons ajout\u00e9 un troisi\u00e8me dispositif en bordure de 3\u00a0pistes de ski. L\u2019objectif de ce dernier dispositif est de tester l\u2019effet des manchons forestiers comme m\u00e9thode de protection des semis de feuillus contre le broutage par le cerf de Virginie en terrain montagneux. Trois esp\u00e8ces ont \u00e9t\u00e9<br \/>\nplant\u00e9es : le ch\u00eane rouge, le ch\u00eane \u00e0 gros fruits et le bouleau blanc.<\/p>\n<p>&nbsp;<\/p>\n<p><strong>R\u00e9sultats pr\u00e9liminaires<\/strong><\/p>\n<p><img loading=\"lazy\" decoding=\"async\" class=\"alignright size-full wp-image-248\" src=\"http:\/\/www.frfce.qc.ca\/wp-content\/uploads\/2014\/08\/paillis_plastique_noir.png\" alt=\"paillis de plastique noir\" width=\"200\" height=\"200\" srcset=\"https:\/\/www.frfce.qc.ca\/wp-content\/uploads\/2014\/08\/paillis_plastique_noir.png 200w, https:\/\/www.frfce.qc.ca\/wp-content\/uploads\/2014\/08\/paillis_plastique_noir-150x150.png 150w, https:\/\/www.frfce.qc.ca\/wp-content\/uploads\/2014\/08\/paillis_plastique_noir-50x50.png 50w\" sizes=\"auto, (max-width: 200px) 100vw, 200px\" \/><\/p>\n<p>Pour le dispositif plant\u00e9 en 2009 dans 4 environnements de bord de piste de ski et dans 3 secteurs du terrain de golf, les r\u00e9sultats pr\u00e9liminaires sont les suivants\u00a0:<\/p>\n<ul>\n<li>Apr\u00e8s 5 saisons de croissance, l\u2019utilisation d\u2019un paillis de plastique noir a favoris\u00e9 la croissance en hauteur, principalement pour le ch\u00eane \u00e0 gros fruits, mais aussi pour le pin blanc.<\/li>\n<li>Cet \u00e9cart entre les traitements a \u00e9t\u00e9 r\u00e9v\u00e9l\u00e9 suite \u00e0 la pose de la cl\u00f4ture contre le cerf de Virginie en mai 2011, ce qui indique une forte pression du broutage par le cerf sur les semis au Mont Brome.<\/li>\n<\/ul>\n<p>&nbsp;<\/p>\n<p>Le regarnissage des parcelles en 2011, avec 2\u00a0types de plants de ch\u00eane rouge (plants \u00e0 racines nues et plants en r\u00e9cipients), a donn\u00e9 les r\u00e9sultats suivants\u00a0:<\/p>\n<ul>\n<li>Apr\u00e8s 3 saisons de croissance, le type de plant de ch\u00eane rev\u00eat une importance moindre au fil du temps.<\/li>\n<li>N\u00e9anmoins, le plus gros diam\u00e8tre basal des plants \u00e0 racines nues semble un atout pour prosp\u00e9rer dans un environnement inhospitalier (enneigement artificiel).<\/li>\n<li>La croissance du ch\u00eane rouge est optimale sur les pistes situ\u00e9es sur des versants sud ou ouest.<\/li>\n<\/ul>\n<p>&nbsp;<\/p>\n<p>Le dispositif \u00e9tabli en 2013 et visant \u00e0 \u00e9valuer l\u2019effet des manchons forestiers sur la croissance des feuillues sugg\u00e8re les tendances suivantes\u00a0:<\/p>\n<ul>\n<li>Apr\u00e8s une saison de croissance, l\u2019utilisation des manchons forestiers a \u00e9t\u00e9 fort b\u00e9n\u00e9fique aux 3\u00a0esp\u00e8ces rebois\u00e9es (100 % de survie).<\/li>\n<li>La croissance a \u00e9t\u00e9 plus \u00e9lev\u00e9e pour le bouleau blanc, suivi du ch\u00eane rouge et du ch\u00eane \u00e0 gros fruits.<\/li>\n<li>Les bordures foresti\u00e8res d\u00e9grad\u00e9es adjacentes aux pistes de ski offrent un environnement favorable \u00e0 la restauration des feuillus par la plantation. Les sols forestiers y sont peu perturb\u00e9s, la luminosit\u00e9 y est abondante et la comp\u00e9tition herbac\u00e9e y est beaucoup plus faible que sur les pistes de ski.<\/li>\n<\/ul>\n<p>&nbsp;<\/p>\n<p>Un suivi \u00e0 plus long terme de ces dispositifs permettra de mettre en \u00e9vidence les principaux facteurs conduisant au succ\u00e8s de restauration de la for\u00eat en terrain montagneux perturb\u00e9 dans le sud du Qu\u00e9bec.<\/p>\n<p>&nbsp;<\/p>\n<p>&nbsp;<\/p>\n<style id=\"bwg-style-0\">    #bwg_container1_0 #bwg_container2_0 .bwg-container-0.bwg-standard-thumbnails {      width: 604px;              justify-content: center;        margin:0 auto !important;              background-color: rgba(255, 255, 255, 0.00);            padding-left: 4px;      padding-top: 4px;      max-width: 100%;            }        #bwg_container1_0 #bwg_container2_0 .bwg-container-0.bwg-standard-thumbnails .bwg-item {    justify-content: flex-start;      max-width: 120px;            width: 120px !important;          }    #bwg_container1_0 #bwg_container2_0 .bwg-container-0.bwg-standard-thumbnails .bwg-item a {       margin-right: 4px;       margin-bottom: 4px;    }    #bwg_container1_0 #bwg_container2_0 .bwg-container-0.bwg-standard-thumbnails .bwg-item0 {      padding: 0px;            background-color:rgba(255,255,255, 0.30);      border: 0px none #CCCCCC;      opacity: 1.00;      border-radius: 0;      box-shadow: 0px 0px 0px #888888;    }    #bwg_container1_0 #bwg_container2_0 .bwg-container-0.bwg-standard-thumbnails .bwg-item1 img {      max-height: none;      max-width: none;      padding: 0 !important;    }        @media only screen and (min-width: 480px) {      #bwg_container1_0 #bwg_container2_0 .bwg-container-0.bwg-standard-thumbnails .bwg-item0 {        transition: all 0.3s ease 0s;-webkit-transition: all 0.3s ease 0s;      }      #bwg_container1_0 #bwg_container2_0 .bwg-container-0.bwg-standard-thumbnails .bwg-item0:hover {        -ms-transform: scale(1.1);        -webkit-transform: scale(1.1);        transform: scale(1.1);      }    }          #bwg_container1_0 #bwg_container2_0 .bwg-container-0.bwg-standard-thumbnails .bwg-item1 {      padding-top: 75%;    }        #bwg_container1_0 #bwg_container2_0 .bwg-container-0.bwg-standard-thumbnails .bwg-title2,    #bwg_container1_0 #bwg_container2_0 .bwg-container-0.bwg-standard-thumbnails .bwg-ecommerce2 {      color: #CCCCCC;      font-family: segoe ui;      font-size: 16px;      font-weight: bold;      padding: 2px;      text-shadow: 0px 0px 0px #888888;      max-height: 100%;    }    #bwg_container1_0 #bwg_container2_0 .bwg-container-0.bwg-standard-thumbnails .bwg-thumb-description span {    color: #323A45;    font-family: Ubuntu;    font-size: 12px;    max-height: 100%;    word-wrap: break-word;    }    #bwg_container1_0 #bwg_container2_0 .bwg-container-0.bwg-standard-thumbnails .bwg-play-icon2 {      font-size: 32px;    }    #bwg_container1_0 #bwg_container2_0 .bwg-container-0.bwg-standard-thumbnails .bwg-ecommerce2 {      font-size: 19.2px;      color: #CCCCCC;    }    <\/style>    <div id=\"bwg_container1_0\"         class=\"bwg_container bwg_thumbnail bwg_thumbnails \"         data-right-click-protection=\"0\"         data-bwg=\"0\"         data-scroll=\"0\"         data-gallery-type=\"thumbnails\"         data-gallery-view-type=\"thumbnails\"         data-current-url=\"\/index.php?rest_route=%2Fwp%2Fv2%2Fpages%2F247\"         data-lightbox-url=\"https:\/\/www.frfce.qc.ca\/wp-admin\/admin-ajax.php?action=GalleryBox&#038;current_view=0&#038;gallery_id=11&#038;tag=0&#038;theme_id=1&#038;shortcode_id=0&#038;sort_by=order&#038;order_by=asc&#038;current_url=%2Findex.php%3Frest_route%3D%252Fwp%252Fv2%252Fpages%252F247\"         data-gallery-id=\"11\"         data-popup-width=\"800\"         data-popup-height=\"500\"         data-is-album=\"gallery\"         data-buttons-position=\"bottom\">      <div id=\"bwg_container2_0\">             <div id=\"ajax_loading_0\" class=\"bwg_loading_div_1\">      <div class=\"bwg_loading_div_2\">        <div class=\"bwg_loading_div_3\">          <div id=\"loading_div_0\" class=\"bwg_spider_ajax_loading\">          <\/div>        <\/div>      <\/div>    <\/div>            <form id=\"gal_front_form_0\"              class=\"bwg-hidden\"              method=\"post\"              action=\"#\"              data-current=\"0\"              data-shortcode-id=\"0\"              data-gallery-type=\"thumbnails\"              data-gallery-id=\"11\"              data-tag=\"0\"              data-album-id=\"0\"              data-theme-id=\"1\"              data-ajax-url=\"https:\/\/www.frfce.qc.ca\/wp-admin\/admin-ajax.php?action=bwg_frontend_data\">          <div id=\"bwg_container3_0\" class=\"bwg-background bwg-background-0\">                <div data-max-count=\"5\"         data-thumbnail-width=\"120\"         data-bwg=\"0\"         data-gallery-id=\"11\"         data-lightbox-url=\"https:\/\/www.frfce.qc.ca\/wp-admin\/admin-ajax.php?action=GalleryBox&amp;current_view=0&amp;gallery_id=11&amp;tag=0&amp;theme_id=1&amp;shortcode_id=0&amp;sort_by=order&amp;order_by=asc&amp;current_url=%2Findex.php%3Frest_route%3D%252Fwp%252Fv2%252Fpages%252F247\"         id=\"bwg_thumbnails_0\"         class=\"bwg-container-0 bwg-thumbnails bwg-standard-thumbnails bwg-container bwg-border-box\">            <div class=\"bwg-item\">        <a class=\"bwg-a \"  data-elementor-open-lightbox=\"no\">                <div class=\"bwg-item0 \">          <div class=\"bwg-item1 \">            <div class=\"bwg-item2\">              <img decoding=\"async\" class=\"skip-lazy bwg_standart_thumb_img_0 \"                   data-id=\"85\"                   data-width=\"\"                   data-height=\"\"                   data-src=\"https:\/\/www.frfce.qc.ca\/wp-content\/uploads\/photo-gallery\/thumb\/6-1.png\"                   src=\"https:\/\/www.frfce.qc.ca\/wp-content\/uploads\/photo-gallery\/thumb\/6-1.png\"                   alt=\"Restauration des feuillus nobles et des pins\"                   title=\"Restauration des feuillus nobles et des pins\" \/>            <\/div>            <div class=\"\">                                                      <\/div>          <\/div>        <\/div>                        <\/a>              <\/div>            <div class=\"bwg-item\">        <a class=\"bwg-a \"  data-elementor-open-lightbox=\"no\">                <div class=\"bwg-item0 \">          <div class=\"bwg-item1 \">            <div class=\"bwg-item2\">              <img decoding=\"async\" class=\"skip-lazy bwg_standart_thumb_img_0 \"                   data-id=\"86\"                   data-width=\"\"                   data-height=\"\"                   data-src=\"https:\/\/www.frfce.qc.ca\/wp-content\/uploads\/photo-gallery\/thumb\/6-2.png\"                   src=\"https:\/\/www.frfce.qc.ca\/wp-content\/uploads\/photo-gallery\/thumb\/6-2.png\"                   alt=\"Restauration des feuillus nobles et des pins\"                   title=\"Restauration des feuillus nobles et des pins\" \/>            <\/div>            <div class=\"\">                                                      <\/div>          <\/div>        <\/div>                        <\/a>              <\/div>            <div class=\"bwg-item\">        <a class=\"bwg-a \"  data-elementor-open-lightbox=\"no\">                <div class=\"bwg-item0 \">          <div class=\"bwg-item1 \">            <div class=\"bwg-item2\">              <img decoding=\"async\" class=\"skip-lazy bwg_standart_thumb_img_0 \"                   data-id=\"87\"                   data-width=\"\"                   data-height=\"\"                   data-src=\"https:\/\/www.frfce.qc.ca\/wp-content\/uploads\/photo-gallery\/thumb\/6-3.png\"                   src=\"https:\/\/www.frfce.qc.ca\/wp-content\/uploads\/photo-gallery\/thumb\/6-3.png\"                   alt=\"Restauration des feuillus nobles et des pins\"                   title=\"Restauration des feuillus nobles et des pins\" \/>            <\/div>            <div class=\"\">                                                      <\/div>          <\/div>        <\/div>                        <\/a>              <\/div>            <div class=\"bwg-item\">        <a class=\"bwg-a \"  data-elementor-open-lightbox=\"no\">                <div class=\"bwg-item0 \">          <div class=\"bwg-item1 \">            <div class=\"bwg-item2\">              <img decoding=\"async\" class=\"skip-lazy bwg_standart_thumb_img_0 \"                   data-id=\"88\"                   data-width=\"\"                   data-height=\"\"                   data-src=\"https:\/\/www.frfce.qc.ca\/wp-content\/uploads\/photo-gallery\/thumb\/6-4.png\"                   src=\"https:\/\/www.frfce.qc.ca\/wp-content\/uploads\/photo-gallery\/thumb\/6-4.png\"                   alt=\"Restauration des feuillus nobles et des pins\"                   title=\"Restauration des feuillus nobles et des pins\" \/>            <\/div>            <div class=\"\">                                                      <\/div>          <\/div>        <\/div>                        <\/a>              <\/div>          <\/div>    <style>      \/*pagination styles*\/      #bwg_container1_0 #bwg_container2_0 .tablenav-pages_0 {\t\t\t\ttext-align: center;\t\t\t\tfont-size: 12px;\t\t\t\tfont-family: segoe ui;\t\t\t\tfont-weight: bold;\t\t\t\tcolor: #666666;\t\t\t\tmargin: 6px 0 4px;\t\t\t\tdisplay: block;      }      @media only screen and (max-width : 320px) {      #bwg_container1_0 #bwg_container2_0 .displaying-num_0 {     \t display: none;      }      }      #bwg_container1_0 #bwg_container2_0 .displaying-num_0 {\t\t\t\tfont-size: 12px;\t\t\t\tfont-family: segoe ui;\t\t\t\tfont-weight: bold;\t\t\t\tcolor: #666666;\t\t\t\tmargin-right: 10px;\t\t\t\tvertical-align: middle;      }      #bwg_container1_0 #bwg_container2_0 .paging-input_0 {\t\t\t\tfont-size: 12px;\t\t\t\tfont-family: segoe ui;\t\t\t\tfont-weight: bold;\t\t\t\tcolor: #666666;\t\t\t\tvertical-align: middle;      }      #bwg_container1_0 #bwg_container2_0 .tablenav-pages_0 a.disabled,      #bwg_container1_0 #bwg_container2_0 .tablenav-pages_0 a.disabled:hover,      #bwg_container1_0 #bwg_container2_0 .tablenav-pages_0 a.disabled:focus,\t\t\t#bwg_container1_0 #bwg_container2_0 .tablenav-pages_0 input.bwg_current_page {\t\t\t\tcursor: default;\t\t\t\tcolor: rgba(102, 102, 102, 0.5);      }      #bwg_container1_0 #bwg_container2_0 .tablenav-pages_0 a,      #bwg_container1_0 #bwg_container2_0 .tablenav-pages_0 input.bwg_current_page {\t\t\t\tcursor: pointer;\t\t\t\ttext-align: center;\t\t\t\tfont-size: 12px;\t\t\t\tfont-family: segoe ui;\t\t\t\tfont-weight: bold;\t\t\t\tcolor: #666666;\t\t\t\ttext-decoration: none;\t\t\t\tpadding: 3px 6px;\t\t\t\tmargin: 0;\t\t\t\tborder-radius: 0;\t\t\t\tborder-style: solid;\t\t\t\tborder-width: 1px;\t\t\t\tborder-color: #E3E3E3;\t\t\t\t\t\t\t\tbackground-color: rgba(255, 255, 255, 1.00);\t\t\t\tbox-shadow: 0;\t\t\t\ttransition: all 0.3s ease 0s;-webkit-transition: all 0.3s ease 0s;      }      <\/style>      <span class=\"bwg_nav_cont_0\">              <div class=\"tablenav-pages_0\">                  <\/div>                <input type=\"hidden\" id=\"page_number_0\" name=\"page_number_0\" value=\"1\" \/>      <script type=\"text\/javascript\">        if( jQuery('.bwg_nav_cont_0').length > 1 ) {          jQuery('.bwg_nav_cont_0').first().remove()        }        function spider_page_0(cur, x, y, load_more) {          if (typeof load_more == \"undefined\") {            var load_more = false;          }          if (jQuery(cur).hasClass('disabled')) {            return false;          }          var items_county_0 = 1;          switch (y) {            case 1:              if (x >= items_county_0) {                document.getElementById('page_number_0').value = items_county_0;              }              else {                document.getElementById('page_number_0').value = x + 1;              }              break;            case 2:              document.getElementById('page_number_0').value = items_county_0;              break;            case -1:              if (x == 1) {                document.getElementById('page_number_0').value = 1;              }              else {                document.getElementById('page_number_0').value = x - 1;              }              break;            case -2:              document.getElementById('page_number_0').value = 1;              break;\t\t\t\t\t\tcase 0:              document.getElementById('page_number_0').value = x;              break;            default:              document.getElementById('page_number_0').value = 1;          }          bwg_ajax('gal_front_form_0', '0', 'bwg_thumbnails_0', '0', '', 'gallery', 0, '', '', load_more, '', 1);        }                    jQuery('.first-page-0').on('click', function () {              spider_page_0(this, 1, -2, 'numeric');              return false;            });            jQuery('.prev-page-0').on('click', function () {              spider_page_0(this, 1, -1, 'numeric');              return false;            });            jQuery('.next-page-0').on('click', function () {              spider_page_0(this, 1, 1, 'numeric');              return false;            });            jQuery('.last-page-0').on('click', function () {              spider_page_0(this, 1, 2, 'numeric');              return false;            });        \t\t\t\t\/* Change page on input enter. *\/        function bwg_change_page_0( e, that ) {          if (  e.key == 'Enter' ) {            var to_page = parseInt(jQuery(that).val());            var pages_count = jQuery(that).parents(\".pagination-links\").data(\"pages-count\");            var current_url_param = jQuery(that).attr('data-url-info');            if (to_page > pages_count) {              to_page = 1;            }\t \t\t\t\t\t\t\t\t\t\t\t\tspider_page_0(this, to_page, 0, 'numeric');\t\t\t\t\t\t\treturn false;\t\t\t\t\t\t          }          return true;        }        jQuery('.bwg_load_btn_0').on('click', function () {            spider_page_0(this, 1, 1, true);            return false;        });      <\/script>      <\/span>                <\/div>        <\/form>              <\/div>    <\/div>    <script>      if (document.readyState === 'complete') {        if( typeof bwg_main_ready == 'function' ) {          if ( jQuery(\"#bwg_container1_0\").height() ) {            bwg_main_ready(jQuery(\"#bwg_container1_0\"));          }        }      } else {        document.addEventListener('DOMContentLoaded', function() {          if( typeof bwg_main_ready == 'function' ) {            if ( jQuery(\"#bwg_container1_0\").height() ) {             bwg_main_ready(jQuery(\"#bwg_container1_0\"));            }          }        });      }    <\/script>    \n","protected":false},"excerpt":{"rendered":"<p>Mise en contexte Plusieurs sites montagneux du sud du Qu\u00e9bec, notamment les collines mont\u00e9r\u00e9giennes, ont subi l\u2019impact de l\u2019exploitation foresti\u00e8re, puis plus r\u00e9cemment celui du d\u00e9veloppement r\u00e9cr\u00e9otouristique. C\u2019est le cas du Mont Brome, un territoire priv\u00e9 sur lequel a \u00e9t\u00e9 d\u00e9velopp\u00e9 un des plus grands centres de ski au Qu\u00e9bec, la station Ski Bromont constitu\u00e9e [&hellip;]<\/p>\n","protected":false},"author":1,"featured_media":0,"parent":20,"menu_order":3,"comment_status":"closed","ping_status":"closed","template":"","meta":{"footnotes":""},"class_list":["post-247","page","type-page","status-publish","hentry"],"_links":{"self":[{"href":"https:\/\/www.frfce.qc.ca\/index.php?rest_route=\/wp\/v2\/pages\/247","targetHints":{"allow":["GET"]}}],"collection":[{"href":"https:\/\/www.frfce.qc.ca\/index.php?rest_route=\/wp\/v2\/pages"}],"about":[{"href":"https:\/\/www.frfce.qc.ca\/index.php?rest_route=\/wp\/v2\/types\/page"}],"author":[{"embeddable":true,"href":"https:\/\/www.frfce.qc.ca\/index.php?rest_route=\/wp\/v2\/users\/1"}],"replies":[{"embeddable":true,"href":"https:\/\/www.frfce.qc.ca\/index.php?rest_route=%2Fwp%2Fv2%2Fcomments&post=247"}],"version-history":[{"count":14,"href":"https:\/\/www.frfce.qc.ca\/index.php?rest_route=\/wp\/v2\/pages\/247\/revisions"}],"predecessor-version":[{"id":457,"href":"https:\/\/www.frfce.qc.ca\/index.php?rest_route=\/wp\/v2\/pages\/247\/revisions\/457"}],"up":[{"embeddable":true,"href":"https:\/\/www.frfce.qc.ca\/index.php?rest_route=\/wp\/v2\/pages\/20"}],"wp:attachment":[{"href":"https:\/\/www.frfce.qc.ca\/index.php?rest_route=%2Fwp%2Fv2%2Fmedia&parent=247"}],"curies":[{"name":"wp","href":"https:\/\/api.w.org\/{rel}","templated":true}]}}