{"id":34,"date":"2014-08-12T14:01:41","date_gmt":"2014-08-12T18:01:41","guid":{"rendered":"http:\/\/www.frfce.qc.ca\/?page_id=34"},"modified":"2014-09-15T10:36:45","modified_gmt":"2014-09-15T14:36:45","slug":"accueil-2","status":"publish","type":"page","link":"https:\/\/www.frfce.qc.ca\/","title":{"rendered":"Accueil"},"content":{"rendered":"<p><a href=\"http:\/\/www.frfce.qc.ca\/wp-content\/uploads\/2014\/08\/bande_riveraine.png\"><img loading=\"lazy\" decoding=\"async\" class=\"alignright size-full wp-image-104\" src=\"http:\/\/www.frfce.qc.ca\/wp-content\/uploads\/2014\/08\/bande_riveraine.png\" alt=\"bande riveraine\" width=\"200\" height=\"200\" srcset=\"https:\/\/www.frfce.qc.ca\/wp-content\/uploads\/2014\/08\/bande_riveraine.png 200w, https:\/\/www.frfce.qc.ca\/wp-content\/uploads\/2014\/08\/bande_riveraine-150x150.png 150w, https:\/\/www.frfce.qc.ca\/wp-content\/uploads\/2014\/08\/bande_riveraine-50x50.png 50w\" sizes=\"auto, (max-width: 200px) 100vw, 200px\" \/><\/a>La Fiducie de recherche sur la for\u00eat des Cantons-de-l\u2019Est (FRFCE) est une fiducie d&rsquo;utilit\u00e9 sociale, constitu\u00e9e dans un but d\u2019int\u00e9r\u00eat g\u00e9n\u00e9ral, notamment \u00e0 caract\u00e8re \u00e9ducatif, scientifique et philanthropique.<\/p>\n<p>L\u2019objectif principal de la FRFCE est de favoriser le d\u00e9veloppement et le transfert des connaissances scientifiques en am\u00e9nagement forestier et en agroforesterie dans l\u2019optique de proposer des solutions concr\u00e8tes en mati\u00e8re de d\u00e9veloppement durable des ressources foresti\u00e8res et du territoire en zone habit\u00e9e.<\/p>\n","protected":false},"excerpt":{"rendered":"<p>La Fiducie de recherche sur la for\u00eat des Cantons-de-l\u2019Est (FRFCE) est une fiducie d&rsquo;utilit\u00e9 sociale, constitu\u00e9e dans un but d\u2019int\u00e9r\u00eat g\u00e9n\u00e9ral, notamment \u00e0 caract\u00e8re \u00e9ducatif, scientifique et philanthropique. L\u2019objectif principal de la FRFCE est de favoriser le d\u00e9veloppement et le transfert des connaissances scientifiques en am\u00e9nagement forestier et en agroforesterie dans l\u2019optique de proposer des [&hellip;]<\/p>\n","protected":false},"author":1,"featured_media":0,"parent":0,"menu_order":1,"comment_status":"closed","ping_status":"closed","template":"","meta":{"footnotes":""},"class_list":["post-34","page","type-page","status-publish","hentry"],"_links":{"self":[{"href":"https:\/\/www.frfce.qc.ca\/index.php?rest_route=\/wp\/v2\/pages\/34","targetHints":{"allow":["GET"]}}],"collection":[{"href":"https:\/\/www.frfce.qc.ca\/index.php?rest_route=\/wp\/v2\/pages"}],"about":[{"href":"https:\/\/www.frfce.qc.ca\/index.php?rest_route=\/wp\/v2\/types\/page"}],"author":[{"embeddable":true,"href":"https:\/\/www.frfce.qc.ca\/index.php?rest_route=\/wp\/v2\/users\/1"}],"replies":[{"embeddable":true,"href":"https:\/\/www.frfce.qc.ca\/index.php?rest_route=%2Fwp%2Fv2%2Fcomments&post=34"}],"version-history":[{"count":5,"href":"https:\/\/www.frfce.qc.ca\/index.php?rest_route=\/wp\/v2\/pages\/34\/revisions"}],"predecessor-version":[{"id":464,"href":"https:\/\/www.frfce.qc.ca\/index.php?rest_route=\/wp\/v2\/pages\/34\/revisions\/464"}],"wp:attachment":[{"href":"https:\/\/www.frfce.qc.ca\/index.php?rest_route=%2Fwp%2Fv2%2Fmedia&parent=34"}],"curies":[{"name":"wp","href":"https:\/\/api.w.org\/{rel}","templated":true}]}}