{"id":88,"date":"2014-08-13T14:39:00","date_gmt":"2014-08-13T18:39:00","guid":{"rendered":"http:\/\/www.frfce.qc.ca\/?page_id=88"},"modified":"2014-08-27T10:26:04","modified_gmt":"2014-08-27T14:26:04","slug":"fiduciaires","status":"publish","type":"page","link":"https:\/\/www.frfce.qc.ca\/?page_id=88","title":{"rendered":"Fiduciaires"},"content":{"rendered":"<p><a href=\"http:\/\/www.frfce.qc.ca\/wp-content\/uploads\/2014\/08\/benoit_truax.png\"><img loading=\"lazy\" decoding=\"async\" class=\"wp-image-277 size-thumbnail alignleft\" src=\"http:\/\/www.frfce.qc.ca\/wp-content\/uploads\/2014\/08\/benoit_truax-150x150.png\" alt=\"Benoit Traux\" width=\"150\" height=\"150\" srcset=\"https:\/\/www.frfce.qc.ca\/wp-content\/uploads\/2014\/08\/benoit_truax-150x150.png 150w, https:\/\/www.frfce.qc.ca\/wp-content\/uploads\/2014\/08\/benoit_truax-50x50.png 50w, https:\/\/www.frfce.qc.ca\/wp-content\/uploads\/2014\/08\/benoit_truax.png 200w\" sizes=\"auto, (max-width: 150px) 100vw, 150px\" \/><\/a>Benoit Truax d\u00e9tient un doctorat en sciences de l\u2019environnement, il est le directeur g\u00e9n\u00e9ral de la Fiducie de recherche sur la for\u00eat des Cantons-de-l\u2019Est. Il a une expertise unique au Qu\u00e9bec en populiculture (culture des peupliers). Il a effectu\u00e9 plusieurs projets de recherche sur les plantations de peupliers en champs agricoles abandonn\u00e9s (friches) et en bandes riveraines agricoles. Depuis 1989, Benoit Truax a \u00e9galement plant\u00e9 plus de 15\u00a0000 feuillus nobles dans diff\u00e9rents dispositifs de recherche chez des propri\u00e9taires forestiers localis\u00e9s un peu partout dans les Cantons-de-l\u2019Est. Ses travaux ont ainsi permis de d\u00e9velopper une sylviculture alternative au reboisement traditionnel, trop souvent orient\u00e9 vers les essences r\u00e9sineuses. En 2003, il a re\u00e7u un prix d&rsquo;excellence de la Fondation estrienne en environnement dans la cat\u00e9gorie Recherche et d\u00e9veloppement.<br \/>\n<a href=\"mailto:btruax@frfce.qc.ca\" target=\"_blank\">btruax@frfce.qc.ca<\/a><\/p>\n<p>&nbsp;<\/p>\n<p><a href=\"http:\/\/www.frfce.qc.ca\/wp-content\/uploads\/2014\/08\/daniel_gagnon.png\"><img loading=\"lazy\" decoding=\"async\" class=\"wp-image-278 size-thumbnail alignleft\" src=\"http:\/\/www.frfce.qc.ca\/wp-content\/uploads\/2014\/08\/daniel_gagnon-150x150.png\" alt=\"Daniel Gagnon\" width=\"150\" height=\"150\" srcset=\"https:\/\/www.frfce.qc.ca\/wp-content\/uploads\/2014\/08\/daniel_gagnon-150x150.png 150w, https:\/\/www.frfce.qc.ca\/wp-content\/uploads\/2014\/08\/daniel_gagnon-50x50.png 50w, https:\/\/www.frfce.qc.ca\/wp-content\/uploads\/2014\/08\/daniel_gagnon.png 200w\" sizes=\"auto, (max-width: 150px) 100vw, 150px\" \/><\/a>Daniel Gagnon est doyen de la Facult\u00e9 des Sciences \u00e0 l\u2019Universit\u00e9 de Regina en Saskatchewan. Il a effectu\u00e9 ses \u00e9tudes de ma\u00eetrise et de doctorat en analyse de la v\u00e9g\u00e9tation foresti\u00e8re, un domaine dans lequel il a form\u00e9 plusieurs \u00e9tudiants gradu\u00e9s. Des travaux pionniers ont \u00e9t\u00e9 effectu\u00e9s dans son laboratoire sur plusieurs esp\u00e8ces de plantes herbac\u00e9es de sous-bois du Qu\u00e9bec (ginseng, ail des bois, etc.). Ces travaux ont men\u00e9 \u00e0 la d\u00e9signation l\u00e9gale de 12 esp\u00e8ces menac\u00e9es ou vuln\u00e9rables au Qu\u00e9bec. La Loi canadienne sur les Esp\u00e8ces en p\u00e9ril prot\u00e8ge 6\u00a0esp\u00e8ces \u00e9tudi\u00e9es. Il a aussi \u00e9t\u00e9 le premier au Qu\u00e9bec, avec Benoit Truax, \u00e0 d\u00e9velopper la sylviculture des feuillus nobles, notamment les plantations en sous-bois de for\u00eats d\u00e9grad\u00e9es (enrichissement).<br \/>\n<a href=\"mailto:Daniel.Gagnon@uregina.ca\">Daniel.Gagnon@uregina.ca<\/a><br \/>\n<a href=\" http:\/\/www.uregina.ca\/science\/biology\/people\/faculty-research\/gagnon-daniel\/index.html\" target=\"_blank\">Page internet de l&rsquo;Universit\u00e9 de R\u00e9gina<\/a><\/p>\n<p>&nbsp;<\/p>\n<p><a href=\"http:\/\/www.frfce.qc.ca\/wp-content\/uploads\/2014\/08\/marcel_leboeuf.png\"><img loading=\"lazy\" decoding=\"async\" class=\"wp-image-280 size-thumbnail alignleft\" src=\"http:\/\/www.frfce.qc.ca\/wp-content\/uploads\/2014\/08\/marcel_leboeuf-150x150.png\" alt=\"Marcel Leboeuf\" width=\"150\" height=\"150\" srcset=\"https:\/\/www.frfce.qc.ca\/wp-content\/uploads\/2014\/08\/marcel_leboeuf-150x150.png 150w, https:\/\/www.frfce.qc.ca\/wp-content\/uploads\/2014\/08\/marcel_leboeuf-50x50.png 50w, https:\/\/www.frfce.qc.ca\/wp-content\/uploads\/2014\/08\/marcel_leboeuf.png 200w\" sizes=\"auto, (max-width: 150px) 100vw, 150px\" \/><\/a>Marcel Leboeuf, com\u00e9dien bien connu, est \u00e9galement un amoureux de la for\u00eat depuis son enfance. \u00c9tant lui-m\u00eame propri\u00e9taire forestier, le reboisement et l\u2019am\u00e9nagement de ses terres lui ont permis de constater que l\u2019acquisition et le transfert des connaissances favorise l\u2019am\u00e9lioration des pratiques foresti\u00e8res. C\u2019est lors de conf\u00e9rences donn\u00e9es aux quatre coins du Qu\u00e9bec, qu\u2019il partage son lien \u00e9troit avec la for\u00eat et qu\u2019il transmet son attachement, sa passion et son respect pour le patrimoine forestier qu\u00e9b\u00e9cois.<br \/>\n<span class=\"Apple-style-span\" style=\"color: #000000;\"><a href=\"http:\/\/www.marcel.ca\/\" target=\"_blank\">Page internet de Marcel Leboeuf<\/a><\/span><\/p>\n","protected":false},"excerpt":{"rendered":"<p>Benoit Truax d\u00e9tient un doctorat en sciences de l\u2019environnement, il est le directeur g\u00e9n\u00e9ral de la Fiducie de recherche sur la for\u00eat des Cantons-de-l\u2019Est. Il a une expertise unique au Qu\u00e9bec en populiculture (culture des peupliers). Il a effectu\u00e9 plusieurs projets de recherche sur les plantations de peupliers en champs agricoles abandonn\u00e9s (friches) et en [&hellip;]<\/p>\n","protected":false},"author":1,"featured_media":0,"parent":10,"menu_order":2,"comment_status":"closed","ping_status":"closed","template":"","meta":{"footnotes":""},"class_list":["post-88","page","type-page","status-publish","hentry"],"_links":{"self":[{"href":"https:\/\/www.frfce.qc.ca\/index.php?rest_route=\/wp\/v2\/pages\/88","targetHints":{"allow":["GET"]}}],"collection":[{"href":"https:\/\/www.frfce.qc.ca\/index.php?rest_route=\/wp\/v2\/pages"}],"about":[{"href":"https:\/\/www.frfce.qc.ca\/index.php?rest_route=\/wp\/v2\/types\/page"}],"author":[{"embeddable":true,"href":"https:\/\/www.frfce.qc.ca\/index.php?rest_route=\/wp\/v2\/users\/1"}],"replies":[{"embeddable":true,"href":"https:\/\/www.frfce.qc.ca\/index.php?rest_route=%2Fwp%2Fv2%2Fcomments&post=88"}],"version-history":[{"count":13,"href":"https:\/\/www.frfce.qc.ca\/index.php?rest_route=\/wp\/v2\/pages\/88\/revisions"}],"predecessor-version":[{"id":433,"href":"https:\/\/www.frfce.qc.ca\/index.php?rest_route=\/wp\/v2\/pages\/88\/revisions\/433"}],"up":[{"embeddable":true,"href":"https:\/\/www.frfce.qc.ca\/index.php?rest_route=\/wp\/v2\/pages\/10"}],"wp:attachment":[{"href":"https:\/\/www.frfce.qc.ca\/index.php?rest_route=%2Fwp%2Fv2%2Fmedia&parent=88"}],"curies":[{"name":"wp","href":"https:\/\/api.w.org\/{rel}","templated":true}]}}